
6
Let d(i) be the second derivative of i**5/20 - i**3/2 + i**2/2 + 2*i. Suppose b = 342 - 340. Give d(b).
3
Let g(y) = -3*y + 35. Suppose -k = 3*f + 6, -3*f - 40 = -3*k + 2. What is g(k)?
8
Suppose 17*l - 28*l + 88 = 0. Let m(d) = 9*d - l + 5 - 4*d**2 - 6*d + 2. Determine m(2).
-11
Let l(y) = -y**3 + 2*y**2 - y - 3. Suppose 0 = 4*h - 3*d - 113 + 110, -4*d = 4*h - 24. What is l(h)?
-15
Suppose -3*k + 3*r - 75 = 0, -r = 18 - 9. Let w(q) = -q**2 - 35*q - 38. Calculate w(k).
-4
Let g(p) = -15*p**2 - 6*p**2 + 2 - 5*p + 9*p - 11*p**2 + 30*p**2 - 7*p + p**3. Let c(q) = -q. Let i be c(4). Let d = i + 7. Give g(d).
2
Let f(d) = -d**3 + 12*d**2 + 46*d + 32. Let y be -2 - -18 - 8 - -7. Give f(y).
47
Let f(g) = 12*g - 22. Let n(k) be the third derivative of -5*k**4/24 + 5*k**3/3 - 131*k**2. Let h(a) = 4*f(a) + 9*n(a). Give h(5).
17
Suppose 4*f - 264 + 164 = 0. Let z(v) = 14*v**3 + 6 + 10*v**3 + v - 7*v**2 - f*v**3 + 2*v**2. Give z(-5).
1
Suppose 0 = 4*s + b - 26, 2*s + s = -4*b + 13. Let z(d) = 8 - 227*d**3 - 226*d**3 + 3*d - s*d**2 + 452*d**3. Calculate z(-7).
-13
Let t(j) = -j**3 + 4*j**2 + 13*j - 15. Let z be 5 - -4 - (14 + -13 + 2). What is t(z)?
-9
Let y(c) = -c - 13. Suppose -27*j - 79 + 42 + 37 = 0. Determine y(j).
-13
Let m(q) = 43*q**2 - 2*q + 2. Let u be m(-1). Let r(w) = 17*w - 7 - u*w + 23*w - 6*w**2 + w**3. Give r(7).
-7
Let j(b) = 8*b - b**2 - 43193*b**3 - 9*b + 43252*b**3. Determine j(-1).
-59
Let d(j) = -4 + 1124*j**2 - j**3 + 7 - 10*j - 1135*j**2. Suppose 7*p = -104 + 34. Calculate d(p).
3
Let n(s) = -19 - 9*s + 6 - 11 + 8 - 16. Calculate n(-4).
4
Let w(s) = 65 - 12 - 15 + 15*s + 7*s. Give w(-2).
-6
Let n(t) = -t**3 + 9*t - 3. Let d be ((-4)/(-2))/((-65)/130). Determine n(d).
25
Let i(w) be the first derivative of -7*w**3/6 - w**2 + 51*w + 38. Let s(z) be the first derivative of i(z). Give s(3).
-23
Let o(m) be the first derivative of m**3/6 - 58*m + 37. Let l(i) be the first derivative of o(i). Suppose -5*z + 2*t = -21, -5*t = 2*z - t + 6. Calculate l(z).
3
Let y(u) = 41116 - 41585 - 6*u - 10*u - u. What is y(-28)?
7
Let j(l) = -5*l - 3. Let u be (-2410)/(-25) + 3/((-15)/2). Suppose 8*a - 72 = u. Let y = a - 24. What is j(y)?
12
Let k be (-52)/40 + (-9)/(-30). Let u(l) = -l**2. Let x(r) = r**2 + r. Let f(h) = k*x(h) - 2*u(h). Suppose 5*z - 7 = -3*m - 2, 2*m - 16 = 3*z. Give f(z).
6
Let v(m) = m**3 + 15*m**2 - 9*m - 19. Let u be ((8 - 15) + 22)/(-1*(4 - 3)). Calculate v(u).
116
Let k(g) = -g. Suppose 49 = -4*d - 47. Let c(p) be the third derivative of -p**6/120 - 23*p**5/60 + p**4 + 7*p**3/6 - 58*p**2 + p. Let v be c(d). What is k(v)?
-7
Let j(c) = -41*c - 10. Let n(h) = -32*h - 10. Let q(g) = 3*j(g) - 4*n(g). What is q(8)?
50
Let m = -33 - -11. Let c = -15 - m. Let y(h) be the first derivative of -h**3/3 + 7*h**2/2 + 9*h + 13. Give y(c).
9
Let n(k) = -3*k + 9. Let z(p) = -4*p + 9. Let c = -40 + 47. Let t be 12/(-4)*c/((-42)/4). Let f(w) = t*z(w) - 3*n(w). Determine f(8).
-1
Let s be 160/32*4/30*-3. Let o(b) = -b - 7*b + 0 - 2. Give o(s).
14
Let n(c) = 12*c - 5. Let r be (-1)/(-4) + (-115)/(-20). Let i(g) = -25*g + 11. Let a(o) = r*i(o) + 13*n(o). Let z = -105 - -104. Give a(z).
-5
Let b(z) = z**2 - 9*z - 22. Suppose 2*w = 5*j + 5*w + 36, -3*w = -9. What is b(j)?
140
Let g(o) = 1 - 5*o**2 + o**3 - 7*o + 3 + 0*o. Let k(c) = c**3 + 9*c**2 + 4*c - 27. Let j be k(-8). Suppose -j*z - 6*z = -66. Determine g(z).
-2
Let q(i) be the first derivative of -25*i**2/2 + 294*i + 86. Let m be q(12). Let u(t) = -3*t - 21. Give u(m).
-3
Suppose -2954*j + 3049*j = 285. Let b(o) = 2*o**3 - o**2 - 3*o - 2. Determine b(j).
34
Let i(a) = -4*a**3 + 5*a**3 + 0*a + 1 + a + 2*a**2. Suppose -106*z - 315 = 133*z + 163. Calculate i(z).
-1
Let l(k) be the second derivative of 1/2*k**4 + 0*k**2 + 3/2*k**3 - 1/20*k**5 + 0 + 120*k. Give l(7).
14
Let a(g) be the third derivative of g**4/6 - 3*g**3 + 339*g**2. Suppose l - 2 = 3*f + 18, 3*l + 2*f = 16. Calculate a(l).
14
Suppose 4*f = -8, -3*w = 3*f + 2*f - 53. Suppose 11*v + w = -10*v. Let t(u) = -17*u**2 + 2*u + 1. Calculate t(v).
-18
Let t = 262 + -260. Let m be (-8)/(-6)*(-15)/(-10). Let b(o) = -o - 7*o**t - 4*o - m*o**3 + o**3 - o + 6. What is b(-6)?
6
Let w(j) be the first derivative of -24 + 1/2*j**2 + 0*j. Let u = -15 + 11. Determine w(u).
-4
Let n(l) = -l**2 + 7*l + 2. Suppose 11 - 87 = -19*x. Let h be 3146/442 + x/(-34). Determine n(h).
2
Let h(i) = -395*i**2 + 93*i - 202. Let n(q) = 113*q**2 - 31*q + 68. Let u(f) = -2*h(f) - 7*n(f). What is u(31)?
-72
Let m(h) = -17*h + 92. Suppose -4*j + 582*u - 587*u - 1 = 0, 3*j = u + 23. Give m(j).
-10
Let c(s) = 2*s + 29. Suppose -21 = 3*f, 5*r - 83*f = -80*f - 94. What is c(r)?
-17
Let a(c) = 2*c + 2. Let y = 12 + -8. Suppose -b - 4*q - 15 + 21 = 0, -2*b + 2*q = -2. Let p = b - y. Calculate a(p).
-2
Suppose -24*y + 26*y = 6. Let c be (y/6)/((-4)/(-64)). Suppose x = -4*h - 14 - c, -10 = 5*x. Let l(m) = -m**2 - 4*m - 4. What is l(h)?
-9
Let z(u) = 1. Let y(p) be the second derivative of p**3/3 + 9*p**2/2 - 13*p. Let n(k) = -y(k) + 6*z(k). Let i(f) = -f**2 + 9*f - 21. Let d be i(6). Give n(d).
3
Let k(x) be the second derivative of -x**4/6 - 2*x**3/3 - x**2 - 12*x. Suppose 36*l + 38 = -70. Give k(l).
-8
Let k(r) be the third derivative of -r**5/60 + r**4/8 - r**3/2 + 380*r**2. Suppose 2*t - 3*t + 14 = -4*n, 3*t - 15 = 3*n. What is k(t)?
-1
Let r(s) = s**3 + 4*s**2 + 2*s + 4. Let m be r(-3). Let u(t) = 11*t - 89. Calculate u(m).
-12
Let z(w) be the third derivative of -w**6/120 - 2*w**5/3 + 43*w**4/12 + 59*w**3/6 - 14*w**2 + 262. Determine z(-42).
-25
Let l = -268 + 258. Let z(k) = -25*k**3 - 41*k**2 + 8*k + 14. Let w(c) = -9*c**3 - 14*c**2 + 3*c + 5. Let y(f) = -11*w(f) + 4*z(f). Give y(l).
11
Let h = -32 + 21. Let b(y) = y**2 - 7*y + 28. Let j(d) = 3*d**2 - 13*d + 57. Let u(i) = 5*b(i) - 2*j(i). Determine u(h).
4
Suppose 2*u - 3*r = 16, -4*u - r + 13 = -u. Suppose -3*q = -5*w + 24, u*q = 2*w + 3*w - 30. Let f(h) be the first derivative of -h**2 - h + 112. Calculate f(q).
5
Let q(z) = z**3 + 11*z**2 - 24*z + 21. Let m be 6/(-1) + 4*28/(-16). Calculate q(m).
-5
Let o(t) be the first derivative of -3*t**2/2 - 22*t - 339. Determine o(18).
-76
Let d be (0/3)/(-1 - -2). Let a = 7586 + -1757. Let j(g) = 3 - 5828*g**3 - g - 3*g**2 + a*g**3 + 3*g**2. Determine j(d).
3
Let n(f) be the third derivative of -f**6/120 - f**5/20 - 11*f**4/24 - 5*f**3/6 + 20*f**2 + 2. Let r be n(-2). Let u(y) = y - 17. Determine u(r).
-4
Let s(i) = -24*i + 11. Let l be s(-1). Suppose -3*m = g + l - 7, 4*m + 5*g + 52 = 0. Let o(b) = -2*b - 6. Give o(m).
10
Let t(g) = 12*g + 56. Let q be t(-6). Let h = -1 - q. Suppose -4*f - h = f, 4*b - 5*f - 47 = 0. Let c(k) = k**3 - 8*k**2 + 11. What is c(b)?
11
Let i(s) = 2*s**2 - 15 - 8*s - 11 - 5*s + 33 - 18. Let w = -116 - -124. What is i(w)?
13
Let y(p) = 2*p - 1. Suppose -14*s + 35 = -21*s. Let a be 0 - s - (9 + -15). Calculate y(a).
21
Let y(z) = -z**3 + 8*z**2 + 11*z - 8. Suppose -13*m + 8*m + 130 = -5*j, -j - 4 = 0. Suppose -4 = 2*s - m. What is y(s)?
10
Let o(w) = -19*w**2 - 6*w - 21. Let t(v) = 15*v**2 + 4*v + 19. Let d(p) = 4*o(p) + 5*t(p). Determine d(-6).
-1
Let i be 75/(-5)*90/(-450). Let l(z) be the first derivative of 1/3*z**i + z - 7/4*z**4 + 27 - 1/2*z**2. Determine l(1).
-6
Let c(s) = s**3 - 16*s**2 + 15*s + 5. Let o be (-14 + (-510)/(-40))*-12. What is c(o)?
5
Let l(g) = g**2 + 4*g - 2 - 2*g**2 - 2*g. Let h = -82792 - -82795. What is l(h)?
-5
Let a(b) = b**2 + 5*b - 3. Suppose 2*z + 2 - 4 = 0. Let i be (z - (-8)/(-12))*(-4 + -8). Calculate a(i).
-7
Let c(i) = i**3 - 19*i**2 + 78*i - 476. Let r be c(16). Let v(o) = -o**3 + 2*o**2 + o + 3. Calculate v(r).
-25
Suppose -327*k + 274*k + 159 = 0. Let z(l) be the first derivative of -3*l**2 - 1/4*l**4 - 45 + 2*l**k + 5*l. What is z(4)?
13
Let d(i) = 4896 + 60*i**2 - 63*i**2 - 4896. Calculate d(4).
-48
Let t(q) = -q**2 + 7*q + 10. Suppose 4*r = -5*n + 25, 4*r + 26 - 11 = 3*n. Suppose -n*v = -2*m + 6, -13*v + 16*v = 2*m - 10. Calculate t(m).
2
Let x(p) = -p + 34. Let w be -6 - (7 + -5 + -44)*(-1)/(-2). Give x(w).
19
Let v(g) = -2*g**3 - 2*g**2 + g. Let z = 59 - 97. Let u = 44 + z. Suppose 3*f - 7 = -4*i, 5*i - 7*f + u*f + 15 = 0. Calculate v(i).
6
Let r(b) = 12*b + 719 - 1095 - b**2 + 341. Give r(7).
0
Let 